ed by j?
1
Let b(o) = 26*o - 35. What is the remainder when 214 is divided by b(3)?
42
Suppose -15194 + 4031 = -61*l. What is the remainder when l is divided by 24?
15
Let r be (52/8)/((-4)/(-8)). Suppose 0 = -18*f + r*f + 65. Calculate the remainder when f is divided by 3.
1
Suppose c = -n - c + 25, -n + 4*c = -43. Suppose 9*o - 41 = n. Calculate the remainder when 53 is divided by o.
5
Let a(r) = 13*r - 5*r + 4*r - 12 - 22. Calculate the remainder when a(9) is divided by 19.
17
Let r(y) be the first derivative of y**3/3 + 5*y**2/2 - 16*y - 13. What is the remainder when 10 is divided by r(-8)?
2
Let q(m) = m**2 - 1. Let a be q(-1). Suppose -g + 11 = 3*n + g, 5*n + 2*g - 21 = a. Suppose -5*y = -20 - n. Calculate the remainder when 18 is divided by y.
3
Suppose 784 = 4*x + 680. Calculate the remainder when x is divided by 4.
2
Suppose -2*s = 77*s - 1817. What is the remainder when 132 is divided by s?
17
Let z(w) = -w**3 - 2*w**2 + 3*w + 17. Calculate the remainder when 67 is divided by z(-3).
16
Suppose 69*j + 528 = 75*j. Calculate the remainder when 161 is divided by j.
73
Let z be 6 + (-1 + -7)/4. Suppose 0 = -3*r + 4*r. Suppose r = -d + 1 + z. Calculate the remainder when 12 is divided by d.
2
Let r(p) = 4*p**3 + 89*p**2 + p + 17. What is the remainder when r(-22) is divided by 20?
19
Suppose -8 = -3*l + 5*l. Let k be ((-5)/4)/(1/l). Suppose -22 = k*j - 217. What is the remainder when j is divided by 10?
9
Let b = 69 + -31. Suppose -7*i + 8 = -3*i. Suppose 2*c - k - 26 = -2*k, 2*k + 26 = i*c. Calculate the remainder when b is divided by c.
12
What is the remainder when 291 is divided by ((-6 - -12) + -8)*(2 - 51)?
95
Suppose 7*m + 4*q + 272 = 11*m, 2*m + 3*q = 131. Calculate the remainder when m is divided by 42.
25
Suppose 3*o + o = -5*w + 86, o + 1 = 0. What is the remainder when 155/6 + (-14)/((-924)/(-55)) is divided by w?
7
Let d(c) = 23*c**2 - 5*c - 2. Let a be d(4). Let z = 84 - a. Calculate the remainder when 85 is divided by 5/30 + z/(-12).
19
Suppose 0 = -36*v + 34*v + 128. What is the remainder when v is divided by 23?
18
Suppose 7*d + 374 = n + 4*d, -5*n - 5*d + 1790 = 0. Calculate the remainder when n is divided by 35.
12
Suppose 52*x = 45*x + 42. Let q(j) = j**3 - 8*j**2 + 8*j - 5. What is the remainder when x is divided by q(7)?
0
Let h(j) = -j + 2 + 2*j - 4*j. Let p be h(-1). Suppose -4*f - 50 = -5*m - 5*f, 4*m - p*f = 69. Calculate the remainder when 31 is divided by m.
9
Let k(u) = -u**3 - 13*u**2 + 15*u + 14. Let w be k(-14). Suppose -4*r - 2*s + w*s = -470, 4*r - 4*s - 464 = 0. What is the remainder when r is divided by 30?
27
Let g = 40 - 68. What is the remainder when (-2)/(-3) + (-1590)/(-18) is divided by (-651)/g - (-1)/(-4)?
20
Suppose -5*p + 4*u + 40 = 0, 3*p = -5*u + 1 - 14. Calculate the remainder when 98 is divided by ((-6)/p)/(36/(-600)).
23
Suppose 124 + 44 = 14*v. Let b be (-5)/2*(-8 + 4). Suppose b*y - 6*y = 136. What is the remainder when y is divided by v?
10
Let i = 670 + -666. Let q be 168/27 + (-2)/9. Let a = q + -4. What is the remainder when i is divided by a?
0
Let z = 142 - 128. Let f be 3/(-3) + (-1 - -2). Suppose f = -5*o + 162 + 43. What is the remainder when o is divided by z?
13
Suppose 10*l + 17600 = -6*l. Calculate the remainder when l/(-5)*(-20)/(-25) is divided by 36.
32
Suppose 4*g - 120 = -4*y, 4*y - 2*g - 8 = 112. Calculate the remainder when 175 is divided by y.
25
Let p = -2335 - -2439. Let f = 62 - 35. What is the remainder when p is divided by f?
23
Let x be 18 + 2 + -5 + 7. Suppose 3*t = -t - 4*i + 64, t + 4*i = x. What is the remainder when 24 is divided by t?
10
Let z = 15 - 23. Let d = z + 38. Let h(j) = -j + 1. Calculate the remainder when d is divided by h(-7).
6
Suppose -5*f = -i - 22, i - 6 = -5*f + 22. Suppose -f*v + 33 = -272. Calculate the remainder when v is divided by 21.
19
Calculate the remainder when 21 is divided by ((-49)/(-35) - 1)/(20/350).
0
Suppose -5*v = -3*n - 392, -3*v + 382 = -3*n - 8*v. Let i = -118 - n. Calculate the remainder when i is divided by 5.
1
Let u be -175 + (2/(-8) - (-1)/4). Let b = u - -253. What is the remainder when b is divided by 41?
37
Suppose -47*l + 34*l = -468. What is the remainder when 141 is divided by l?
33
Let a(o) = 2*o**2 + o + 7. Let t be a(-3). Let r = 30 - t. Calculate the remainder when 13 is divided by r.
5
Suppose 2*x + 5*s + 3271 = 6*x, 0 = 5*x + 2*s - 4097. What is the remainder when x is divided by 41?
40
Let v be 15/(-6)*20/(-2). Suppose 7 - v = -2*u. What is the remainder when u is divided by 7?
2
Suppose 4*d = -d + 2*h + 22, 0 = -2*d + 5*h - 8. Suppose 579 = 3*r - d*q + 3*q, 2*r = -q + 374. What is the remainder when r is divided by 48?
45
Suppose -16*v + 14*v + 63 = 3*j, 3*v = 5*j - 86. Let l(p) = 2*p - 8. Calculate the remainder when j is divided by l(6).
3
Suppose 4*v - 104 = -v + 4*p, 3*v - 64 = 4*p. What is the remainder when 31 is divided by v?
11
Suppose 9*g = 7*g + 40. What is the remainder when 118 is divided by g?
18
Let x = 0 - -2. Let b be 2 - -1 - (-2 - 1). Suppose -22 = -b*g + 2. What is the remainder when g is divided by x?
0
Suppose 2*d - 36 = -5*l, 2*d + 72 = 6*d + 2*l. Suppose -2*k + 107 = 3*c, 273 - 12 = 5*k + c. Calculate the remainder when k is divided by d.
16
Suppose -167*j = -163*j - 16. What is the remainder when 23 is divided by j?
3
Suppose 0 = -10*d + 8*d + 12. Let n(p) = 2*p**2 - 3*p. Calculate the remainder when d is divided by n(2).
0
Suppose 15 - 43 = -v. What is the remainder when v is divided by (-9)/(-72)*0 + 15?
13
Suppose 0*b + 15 = 3*b. Suppose 8 = -3*a + q, -2*q + 0*q - 17 = b*a. Calculate the remainder when (3 + 112/(-12))*a is divided by 10.
9
Calculate the remainder when 106 is divided by -5*-1*8/20 - -101.
3
Calculate the remainder when (-28)/6*(-210)/245 is divided by 4.
0
Let h(r) be the first derivative of -71*r**2 + 3. Let q be h(-2). Calculate the remainder when 23 is divided by q/24 + (-3)/(-18).
11
Let b(g) be the first derivative of g**4/4 - 4*g**3/3 + 4*g**2 - 8*g - 20. What is the remainder when 69 is divided by b(4)?
21
Let l(n) = 16*n**2 + n. Let r be l(1). Let y = r + 26. Calculate the remainder when y is divided by 11.
10
Suppose 5*i - 65 = -20. Let b(d) = -33*d + 38. What is the remainder when 8/36 + 52/i is divided by b(1)?
1
Let t(w) = w**3 - 7*w**2 + 18*w + 1. Suppose 0 = 3*b + g - 26 - 8, 0 = -5*b + 2*g + 53. What is the remainder when t(5) is divided by b?
8
Suppose -30*z - z + 217 = 0. What is the remainder when 28 + 2 + -2 - 2 is divided by z?
5
Let q(g) = -g**2 - g + 4. Let h be q(0). Let j = 120 + -71. What is the remainder when j is divided by (-26)/h*(5 - 7)?
10
Let t be 0/(-1) + 7 + 0. Let g(j) = -2*j + t + j + 0*j + 0*j. Calculate the remainder when g(-3) is divided by 4.
2
Suppose 5*a - 1 + 11 = 0, 4*a + 26 = 2*l. Suppose n - 116 = -17. Calculate the remainder when 2/8 - n/(-4) is divided by l.
7
Suppose -m - 4 = -5. Let v be 4/(m/(-4)*-2). Let a(j) = -j + 18. What is the remainder when 18 is divided by a(v)?
8
Suppose 3*a = -2*c + 7, 2*a - 5*c - 14 = -a. Suppose -75 = 2*d - 7*d - 5*t, -2*d = -a*t - 30. Calculate the remainder when 52 is divided by d.
7
Let z(n) = 4*n**3 + 2*n**2 + 19*n - 32. What is the remainder when z(4) is divided by 34?
26
Let b = -5 - -3. Let u = b + 6. Suppose -3*y - 3*p + 36 = -30, u*y + 3*p = 85. What is the remainder when y is divided by 5?
4
Suppose -3*a - 4*n + 1 = 0, -5*n + 6 = -0*a - a. What is the remainder when (a - 13)/(-3 - -2) is divided by 8?
6
Suppose -26*n = -27*n. Suppose n = 3*b - 3, -3*s - 3*b - 18 + 72 = 0. Calculate the remainder when s is divided by 6.
5
Suppose -2*c = 1 - 41. Let t(u) = 2*u**2 + 15*u + 15. Let l(m) = -4*m**2 - 2*m - 1. Let y be l(1). What is the remainder when c is divided by t(y)?
4
Let l = -873 + 960. What is the remainder when l is divided by 53?
34
Let t(i) = -2 - 5*i**2 + 13*i + 12*i**2 - 8*i - i**3. Let n be t(8). Calculate the remainder when 36 is divided by (-3 + 5/2)*n.
10
Let x(k) = -3*k**2 - 69 + 2*k**2 + 69 - 21*k**3. Calculate the remainder when 38 is divided by x(-1).
18
Suppose 0 = 3*z + 3*k + 522, -7*z + 3*z - 5*k - 695 = 0. Let q = z - -257. Calculate the remainder when q is divided by 21.
19
Let m = 16 - 35. Let f = m + 57. Calculate the remainder when f is di